the greatest common factor of p and 297.
33
Suppose -5*d + 75 = 2*c, -5*c + 12 = -4*d - 192. Calculate the highest common divisor of c and 280.
40
Let x = 199 - 135. Let l(b) = -2*b**3 + 10*b**2 - 4*b. Let h be l(4). Calculate the highest common factor of x and h.
16
Let d = 913 + -463. What is the highest common divisor of d and 25?
25
Let c be (5 + (-6)/12)/((-2)/(-4)). Calculate the highest common divisor of 336 and c.
3
Suppose -2*q - 5*d + 2*d + 4 = 0, 3*q - d = -16. Let z(v) = v + 9. Let j be z(q). Suppose 0*s = j*s - 65. Calculate the highest common divisor of s and 13.
13
Suppose -25*q = -27*q + 104. What is the greatest common factor of 91 and q?
13
Let c(r) = -r + 9. Let n = -37 - -34. Let i be c(n). Suppose 28 = 3*y - 44. What is the greatest common factor of y and i?
12
Let g(a) = a**2 - 7*a + 6. Let u be g(5). Let p be (-1856)/(-40) - u/(-10). Calculate the greatest common factor of p and 23.
23
Let n = 17 + -7. Let p(x) = -2*x + 19. Let z be p(11). Let d = 13 + z. What is the greatest common divisor of d and n?
10
Let m be ((-260)/91)/(2/(-56)). What is the highest common factor of 440 and m?
40
Let b be 18/12 + (-77)/(-2). Calculate the highest common divisor of b and 40.
40
Suppose 2*v = 7*v + 25, 0 = -5*l - v + 935. Suppose -3*k = -l - 100. Calculate the greatest common factor of k and 12.
12
Let o(y) = -36*y - 6. Let s be o(-1). Calculate the greatest common divisor of s and 50.
10
Let o be (-120)/(-9)*(-6630)/(-425). What is the greatest common divisor of 91 and o?
13
Suppose 0 = a - 63 - 12. Suppose 82*v - a = 77*v. Calculate the greatest common factor of 165 and v.
15
Suppose 87*m - 3036 = 43*m. Calculate the greatest common factor of 161 and m.
23
Let r(h) = -2 - 3*h**2 + 3*h - 4*h**2 + h**3 + 4*h**2. Let l be r(2). Suppose l*s = -3*s + 192. Calculate the greatest common divisor of 16 and s.
16
Let p(o) = -o**3 + 10*o**2 + 3*o - 17. Let c be p(10). Let t be -3*1*c/(-3). What is the greatest common divisor of 13 and t?
13
Let d(i) = 4*i**3 + 22*i**2 + 5*i - 10. Let r be d(-5). Calculate the greatest common divisor of r and 85.
5
Let u(c) = -93*c + 568. Let j be u(6). Calculate the greatest common divisor of j and 250.
10
Let u = -203 - -326. Calculate the greatest common divisor of 3 and u.
3
Suppose -8*x = -11*x - 1488. Let v = x + 856. Calculate the greatest common factor of 40 and v.
40
Let p(d) = 3*d**3 - d**2 - 2*d. Let j be p(3). Let y be j - (-2 + 3) - 0. Let b = y - -12. What is the greatest common factor of b and 11?
11
Suppose -3*d = -2*t - 137, -40 = -d - 3*t - 2*t. Calculate the highest common divisor of 20 and d.
5
Let u be (-44)/6 - (-2)/6. Let s = u + 20. Let q be 4654/182 - 3/14*-2. What is the greatest common factor of s and q?
13
Suppose -4*d + 6 = -6. Suppose -101 + 437 = d*g. Calculate the highest common factor of g and 16.
16
Let j(h) be the second derivative of 2*h**3/3 + 31*h**2/2 - 20*h. Let a be j(-5). Calculate the highest common factor of 55 and a.
11
Let l(f) = -f**3 - 15*f**2 - f - 14. Let q = 107 + -69. Let c = q - 53. Let z be l(c). Calculate the greatest common factor of 8 and z.
1
Let k = -3 - -9. Let b(g) = 6*g**2 - 4*g - 12. Let f be b(k). What is the greatest common divisor of f and 20?
20
Let q(d) = 34*d**2 - d + 1. Let i be q(-1). Let p = -190 - -370. Calculate the greatest common divisor of i and p.
36
Let h be 0 - (12/3 + -109). Calculate the highest common divisor of h and 140.
35
Let f be (-22)/(-99) - 7746/27*-2. Calculate the highest common factor of 246 and f.
82
Suppose w = 3*p - 4, 3*p - 2*p + 22 = 5*w. Let r(a) = 2*a - 15. Let c be r(9). Let h be 2 + 0*c/9. Calculate the greatest common divisor of p and h.
1
Let i be (-8)/(-20) + (-58)/(-5). Let n = 10 - i. Let q be 3 + 0 + 19 + n. What is the highest common factor of 8 and q?
4
Let y = -4816 - -5066. Suppose -5*b + 461 = -39. What is the greatest common factor of b and y?
50
Let w(o) = 2*o - 9. Let u(n) = 9*n - 45. Let x(a) = -2*u(a) + 11*w(a). Let q be x(6). What is the greatest common divisor of q and 45?
15
Suppose 3*v - 45 = -2*v. Suppose 6 = l - v. Suppose 4*u = u + l, 28 = p - 4*u. What is the highest common divisor of 6 and p?
6
Suppose 4*f = -0 + 24. Let p(u) = 8*u + 20 + 10 - 36. Let w be p(f). What is the greatest common factor of 14 and w?
14
Let o = 36 + 151. Suppose -u + 127 = 110. What is the greatest common factor of o and u?
17
Let k be (-29)/((-116)/360)*6/15. Calculate the highest common factor of 522 and k.
18
Suppose -5*k + 0*k + x + 990 = 0, 2*x - 990 = -5*k. What is the greatest common factor of k and 374?
22
Suppose -5*t + 4 = -3*t. Suppose 0 = -5*f - 3 - t. Let b be ((-3)/2)/(f/6). Calculate the highest common factor of 72 and b.
9
Let b(v) = -v**3 - 2*v**2 - 8*v - 5. Let c be b(-3). Calculate the greatest common factor of 308 and c.
28
Let c(f) = -f**2 + 39*f. Let b be c(27). What is the highest common factor of 756 and b?
108
Suppose -13*r + 272 = -118. Suppose -g + r = 19. Let q be 0 - -1*(2 + -1). What is the greatest common factor of g and q?
1
Suppose 6*k - 1987 - 12701 = 0. What is the highest common factor of 34 and k?
34
Let h = -115 + 32. Let b = h - -148. What is the greatest common factor of b and 13?
13
Let r = 19 + 746. Let v = -545 + r. Calculate the highest common divisor of v and 20.
20
Let b(l) = l**2 - 8*l + 28. Let j be b(10). What is the greatest common factor of 2 and j?
2
Let m(v) = -v - 22. Suppose -25 = 8*x + 103. Let r be m(x). Let c be (2/r)/(8/(-2352)). Calculate the greatest common divisor of 14 and c.
14
Let g = 2736 + -2612. What is the greatest common divisor of 1054 and g?
62
Let q = -9 + 15. Let d = 77 - 72. Suppose -9 = 3*k, f + 5*k - d + q = 0. Calculate the highest common divisor of f and 98.
14
Suppose 0 = 2*v + 2*v - 48. Suppose 0 = -4*l + v, j + l = 6*l + 12. Let p be (-9)/j - (-32)/6. What is the highest common factor of 5 and p?
5
Let y(p) = -p + 4 + 0 + 0*p. Let u be y(-7). Let s = -2 + u. Calculate the highest common divisor of 99 and s.
9
Let c = 1208 - 333. Calculate the greatest common divisor of 35 and c.
35
Let l be (-8 - 46/(-6))*(-3 - 60). What is the greatest common divisor of l and 2625?
21
Suppose -34*x + 8574 + 41474 = 0. Calculate the highest common divisor of 64 and x.
64
Suppose -q - 4*q = 15, 4*m - 29 = -q. Let k(a) = -5*a - 21. Let y be k(-24). Suppose 6*c - 429 = y. What is the greatest common divisor of c and m?
8
Let f = 16 - 7. Let u be (-1)/(-2)*(-16)/8. Let q be (3 + u)/((-4)/(-18)). What is the greatest common divisor of q and f?
9
Let u be 26/(-5) + (-2)/(-10). Let z be (-1185)/u - 2 - 3. Let l(y) = y + 29. Let c be l(0). Calculate the greatest common factor of z and c.
29
Let h be (-3)/2*(-40)/(-30). Let i = 30 + h. Let q = 202 + 50. What is the highest common factor of q and i?
28
Suppose 102*r = 54*r + 61008. Calculate the highest common factor of 123 and r.
41
Let y be -1*4/(-6)*3. Suppose 2*a - 73 = -3*u + 53, 304 = 5*a + y*u. Let g(o) = -7*o - 11. Let f be g(-5). What is the highest common factor of f and a?
12
Let l(z) = 14*z - 100. Let w be l(8). Calculate the greatest common divisor of 2 and w.
2
Suppose 5*t - 2*t - 4*s - 86 = 0, -4*t - 2*s = -100. Suppose -r = -89 + t. What is the highest common factor of r and 9?
9
Let l be 44 + 1 - (-1 - -2). Suppose 6*s + 17*s = 253. What is the highest common divisor of s and l?
11
Let b(l) = l**2 + 5*l - 10. Let m be b(-7). Let d = 2 - m. Let n be ((-4)/d + -32)/(-2). Calculate the greatest common divisor of n and 6.
3
Let q(z) = -91*z - 520. Let g be q(-6). What is the greatest common factor of g and 4264?
26
Let n(m) = 22*m - 6. Let o be n(7). Suppose -p = p - o. Suppose -2*k + 71 = -b, 0 = -2*k - 0*k + 4*b + p. Calculate the highest common divisor of 14 and k.
7
Suppose 5*h + 0*h = -1965. Let u = -273 - h. Calculate the highest common divisor of 40 and u.
40
Let y(d) = -d**3 + 37*d**2 + 4*d - 48. Let s be y(37). Calculate the highest common divisor of s and 500.
100
Let i = -71 - -36. Let h = i + 56. What is the greatest common factor of h and 42?
21
Suppose -5 = -2*d - 17. Let r be d/((-3 + 1)/(-2)). Let w be (6/4)/(r/(-28)). What is the highest common divisor of w and 1?
1
Let s be 104/130 - ((-3093)/(-15))/(-1). Calculate the greatest common factor of s and 69.
69
Let f be ((